{"id":4856,"date":"2020-11-24T16:27:53","date_gmt":"2020-11-24T19:27:53","guid":{"rendered":"http:\/\/sharppress.com.ar\/index.php\/sharp-mx-m4070-copy\/"},"modified":"2021-04-17T23:39:14","modified_gmt":"2021-04-18T02:39:14","slug":"sharp-mx-m6070","status":"publish","type":"page","link":"https:\/\/sharppress.com.ar\/index.php\/sharp-mx-m6070\/","title":{"rendered":"Sharp MX-M6070"},"content":{"rendered":"<p>[vc_row full_width=&#8221;stretch_row&#8221; el_id=&#8221;rs-faq&#8221; css=&#8221;.vc_custom_1505540764532{padding-top: 65px !important;padding-bottom: 65px !important;background-color: #f9f9f9 !important;}&#8221;][vc_column width=&#8221;1\/2&#8243; css=&#8221;.vc_custom_1603993923463{padding-right: 65px !important;}&#8221;]\r\n        <div class=\"sec-title  vc_custom_1606246102803 \">         \r\n            <h4 style=\"color:#e60012\">SHARP<\/h4>             \r\n            <h3 style=\"color:\">MULTIFUNCI\u00d3N MX-M6070<\/h3>        \r\n        <\/div>[vc_gallery interval=&#8221;3&#8243; images=&#8221;4853,4852,4851,4850,4847,4848,4849,4846,4845,4844&#8243; img_size=&#8221;full&#8221;][\/vc_column][vc_column width=&#8221;1\/2&#8243;][vc_tta_accordion style=&#8221;outline&#8221; c_icon=&#8221;&#8221; active_section=&#8221;1&#8243;][vc_tta_section title=&#8221;DESCRIPCI\u00d3N&#8221; tab_id=&#8221;1603720704029-0b94059c-419a&#8221;][vc_column_text]<\/p>\n<div class=\"col-50\">\n<div class=\"col-50\">\n<p>El dispositivo monocromo A3 MX-M6070 es una MFP centrada en soluciones que optimiza la productividad del grupo de trabajo en cualquier momento y en cualquier lugar. Conectividad a la nube con una sola autentificaci\u00f3n de sesi\u00f3n \u00fanico, conectividad m\u00f3vil a trav\u00e9s de WiFi o NFC, impresi\u00f3n directa desde USB de archivos de MS Office, OCR para escanear a PDF con capacidad de b\u00fasqueda. Esto proporciona flujos de trabajo flexibles. La funci\u00f3n est\u00e1ndar de Liberaci\u00f3n de impresi\u00f3n permite a los usuarios enviar y almacenar documentos a una MFP principal, que act\u00faa como servidor. Los trabajos de impresi\u00f3n se pueden liberar de forma segura en hasta cinco dispositivos conectados en la red.<\/p>\n<p>Las caracter\u00edsticas tecnol\u00f3gicas avanzadas incluyen un sensor de movimiento que detecta a los usuarios que se aproximan para que la MFP se active desde el modo suspensi\u00f3n y est\u00e9 listo para su funcionamiento. La pantalla t\u00e1ctil LCD color de 10.1 nos permite arrastrar y soltar iconos favoritos para una personalizaci\u00f3n simple de la pantalla de inicio y un f\u00e1cil acceso a un manual de ayuda. El manejo diario es simple e intuitivo; simplemente toque, extienda o deslice para tener acceso instant\u00e1neo a cada caracter\u00edstica, funci\u00f3n y configuraci\u00f3n, incluida la vista previa y la navegaci\u00f3n web.<\/p>\n<p>La velocidad de impresi\u00f3n y copiado de hasta 60 ppm en blanco y negro, un alimentador DSPF de 150 hojas con una velocidad de escaneo de hasta 200 ipm aumentan la eficiencia y la productividad. Una capacidad m\u00e1xima de papel de 6.300 hojas y soporte para muchos y variados tipo de papel de hasta A3W y 300 grs permiten que este dispositivo maneje sus requisitos de producci\u00f3n con facilidad. Una variedad de opciones de acabado, con encuadernado, grapado manual y sin grampa, aumentan a\u00fan m\u00e1s la versatilidad. La excelente calidad de imagen con una resoluci\u00f3n de 1.200 x 1.200 ppp, m\u00e1s el control de proceso autom\u00e1tico y el sistema de actualizaci\u00f3n del revelador aseguran una alta calidad de imagena.<\/p>\n<p>La nueva MX-M6070 certificada por Energy Star utiliza la \u00faltima tecnolog\u00eda de ahorro de energ\u00eda de Sharp. Un tiempo de calentamiento r\u00e1pido y un bajo consumo de energ\u00eda tienen como objetivo ahorrar dinero y respaldar sus objetivos medioambientales.<\/p><\/div>\n<\/div>\n<p>[\/vc_column_text][\/vc_tta_section][vc_tta_section title=&#8221;ESPECIFICACIONES&#8221; tab_id=&#8221;1603890145136-2ec28b15-d5b0&#8243;][vc_column_text]<\/p>\n<ul class=\"list-keyfeatures\">\n<li class=\"list-group-item\">Impresora, copiadora, esc\u00e1ner, fax y archivo documental<\/li>\n<li class=\"list-group-item\">Velocidad: 60 cpm<\/li>\n<li class=\"list-group-item\">Capacidad de papel: 650 hojas de serie 6.300 hojas m\u00e1ximo<\/li>\n<li class=\"list-group-item\">Panel t\u00e1ctil color de 10.1&#8243; personalizable, con navegaci\u00f3n intuitiva por las diferentes funciones<\/li>\n<li class=\"list-group-item\">La funci\u00f3n de Liberaci\u00f3n de la Impresi\u00f3n, permite a los usuarios enviar documentos y recuperarlos en cualquier MFP de la red<\/li>\n<li class=\"list-group-item\">Autentificaci\u00f3n \u00fanica para todos los servicios en la Nube<\/li>\n<li class=\"list-group-item\">El bajo tiempo de calentamiento junto con el sensor de movimiento hace que la MFP siempre est\u00e9 disponible<\/li>\n<li class=\"list-group-item\">La funci\u00f3n OCR permite a los usuario escanear documentos en formato editable de MS Office (pptx, xlsx, docx) y ficheros PDF buscables<\/li>\n<li class=\"list-group-item\"><\/li>\n<\/ul>\n<p>[\/vc_column_text][\/vc_tta_section][\/vc_tta_accordion][\/vc_column][\/vc_row][vc_row full_width=&#8221;stretch_row&#8221; el_id=&#8221;rs-cta&#8221; el_class=&#8221;rs-cta&#8221; css=&#8221;.vc_custom_1511349801905{padding-top: 30px !important;padding-bottom: 35px !important;}&#8221;][vc_column width=&#8221;2\/3&#8243;][vc_custom_heading text=&#8221;\u00a1CONSULTANOS AHORA DESDE AC\u00c1!&#8221; font_container=&#8221;tag:h2|font_size:36px|text_align:left|color:%23ffffff&#8221; google_fonts=&#8221;font_family:Open%20Sans%3A300%2C300italic%2Cregular%2Citalic%2C600%2C600italic%2C700%2C700italic%2C800%2C800italic|font_style:400%20regular%3A400%3Anormal&#8221; css=&#8221;.vc_custom_1600523483011{margin-top: 0px !important;margin-bottom: 0px !important;padding-top: 0px !important;padding-bottom: 0px !important;}&#8221;][\/vc_column][vc_column width=&#8221;1\/3&#8243;][vc_btn title=&#8221;ENVIAR MENSAJE&#8221; style=&#8221;outline-custom&#8221; outline_custom_color=&#8221;#ffffff&#8221; outline_custom_hover_background=&#8221;#ffffff&#8221; outline_custom_hover_text=&#8221;#4caf50&#8243; shape=&#8221;square&#8221; align=&#8221;right&#8221; link=&#8221;url:%23||&#8221;][\/vc_column][\/vc_row]<\/p>\n","protected":false},"excerpt":{"rendered":"<p>[vc_row full_width=&#8221;stretch_row&#8221; el_id=&#8221;rs-faq&#8221; css=&#8221;.vc_custom_1505540764532{padding-top: 65px !important;padding-bottom: 65px !important;background-color: #f9f9f9 !important;}&#8221;][vc_column width=&#8221;1\/2&#8243; css=&#8221;.vc_custom_1603993923463{padding-right: 65px !important;}&#8221;][vc_gallery interval=&#8221;3&#8243; images=&#8221;4853,4852,4851,4850,4847,4848,4849,4846,4845,4844&#8243; img_size=&#8221;full&#8221;][\/vc_column][vc_column width=&#8221;1\/2&#8243;][vc_tta_accordion style=&#8221;outline&#8221; c_icon=&#8221;&#8221;&#8230;<\/p>\n","protected":false},"author":1,"featured_media":0,"parent":0,"menu_order":0,"comment_status":"closed","ping_status":"closed","template":"","meta":{"inline_featured_image":false,"footnotes":""},"class_list":["post-4856","page","type-page","status-publish","hentry"],"_links":{"self":[{"href":"https:\/\/sharppress.com.ar\/index.php\/wp-json\/wp\/v2\/pages\/4856","targetHints":{"allow":["GET"]}}],"collection":[{"href":"https:\/\/sharppress.com.ar\/index.php\/wp-json\/wp\/v2\/pages"}],"about":[{"href":"https:\/\/sharppress.com.ar\/index.php\/wp-json\/wp\/v2\/types\/page"}],"author":[{"embeddable":true,"href":"https:\/\/sharppress.com.ar\/index.php\/wp-json\/wp\/v2\/users\/1"}],"replies":[{"embeddable":true,"href":"https:\/\/sharppress.com.ar\/index.php\/wp-json\/wp\/v2\/comments?post=4856"}],"version-history":[{"count":4,"href":"https:\/\/sharppress.com.ar\/index.php\/wp-json\/wp\/v2\/pages\/4856\/revisions"}],"predecessor-version":[{"id":4960,"href":"https:\/\/sharppress.com.ar\/index.php\/wp-json\/wp\/v2\/pages\/4856\/revisions\/4960"}],"wp:attachment":[{"href":"https:\/\/sharppress.com.ar\/index.php\/wp-json\/wp\/v2\/media?parent=4856"}],"curies":[{"name":"wp","href":"https:\/\/api.w.org\/{rel}","templated":true}]}}