{"id":4782,"date":"2020-11-24T16:04:12","date_gmt":"2020-11-24T19:04:12","guid":{"rendered":"http:\/\/sharppress.com.ar\/index.php\/sharp-mx-m316n-copy-2\/"},"modified":"2021-04-17T23:38:11","modified_gmt":"2021-04-18T02:38:11","slug":"sharp-mx-m2630","status":"publish","type":"page","link":"https:\/\/sharppress.com.ar\/index.php\/sharp-mx-m2630\/","title":{"rendered":"Sharp MX-M2630"},"content":{"rendered":"<p>[vc_row full_width=&#8221;stretch_row&#8221; el_id=&#8221;rs-faq&#8221; css=&#8221;.vc_custom_1505540764532{padding-top: 65px !important;padding-bottom: 65px !important;background-color: #f9f9f9 !important;}&#8221;][vc_column width=&#8221;1\/2&#8243; css=&#8221;.vc_custom_1603993923463{padding-right: 65px !important;}&#8221;]\r\n        <div class=\"sec-title  vc_custom_1606245147253 \">         \r\n            <h4 style=\"color:#e60012\">SHARP<\/h4>             \r\n            <h3 style=\"color:\">MULTIFUNCI\u00d3N MX-M2630<\/h3>        \r\n        <\/div>[vc_gallery interval=&#8221;3&#8243; images=&#8221;4788,4789,4790,4791,4792,4793,4794,4795,4796,4797,4798,4799,4800,4801,4802,4803,4804,4805,4806&#8243; img_size=&#8221;full&#8221;][\/vc_column][vc_column width=&#8221;1\/2&#8243;][vc_tta_accordion style=&#8221;outline&#8221; c_icon=&#8221;&#8221; active_section=&#8221;1&#8243;][vc_tta_section title=&#8221;DESCRIPCI\u00d3N&#8221; tab_id=&#8221;1603720704029-0b94059c-419a&#8221;][vc_column_text]<\/p>\n<div class=\"col-50\">\n<div class=\"col-50\">\n<p>El MFP A3 en blanco y negro MX-M2630, ofrece una gama de opciones y actualizaciones que lo hacen adaptable a sus necesidades futuras. Optimiza la productividad y es ideal para cualquier grupo de trabajo ocupado que necesite alto rendimiento, alta calidad de salida y versatilidad.<\/p>\n<p>La funci\u00f3n est\u00e1ndar Print Release permite a los usuarios enviar y almacenar documentos en una MFP principal, que act\u00faa como servidor, lo que permite que los trabajos de impresi\u00f3n se liberen de forma segura en un m\u00e1ximo de cinco dispositivos conectados listos para la red *1. Las funciones opcionales de mejora del flujo de trabajo incluyen conectividad en la nube de inicio de sesi\u00f3n \u00fanico, conectividad m\u00f3vil a trav\u00e9s de Wi-Fi o NFC, impresi\u00f3n directa USB de archivos MS Office, OCR para escanear a PDF con capacidad de b\u00fasqueda y Scan to Office.<\/p>\n<p>Una pantalla t\u00e1ctil LCD en color inclinable de 7&#8243; ofrece la posibilidad de arrastrar y soltar los iconos de uso frecuente para personalizar f\u00e1cilmente la pantalla de inicio y acceder f\u00e1cilmente a un manual de ayuda r\u00e1pida. La operaci\u00f3n diaria es simple e intuitiva; simplemente toque, presione, extienda o deslice para tener acceso instant\u00e1neo a cada caracter\u00edstica, funci\u00f3n y configuraci\u00f3n, incluyendo una funci\u00f3n de vista previa avanzada.<\/p>\n<p>Las velocidades de impresi\u00f3n y copia de hasta 26 ppm en blanco y negro, el Alimentador Reversible de una sola pasada integrado de 100 hojas y una velocidad de escaneo de hasta 80 ipm ayudan a aumentar la eficiencia y la productividad; mientras que la resoluci\u00f3n de impresi\u00f3n de 600 x 600 ppp, nuestro control de proceso de medios tonos, asegura una alta calidad de imagen consistente desde la primera hasta la \u00faltima p\u00e1gina. La capacidad m\u00e1xima de papel de 6.300 hojas y la compatibilidad con una amplia gama de soportes (hasta A3W y 300 g\/m2) permiten a este dispositivo gestionar f\u00e1cilmente diversos requisitos de salida. Y una variedad de opciones de acabado tales como encuadernador-grapador , grapado manual y grapado sin grapa a\u00f1aden m\u00e1s versatilidad.<\/p>\n<p>El MFP MX-M2630 utiliza la \u00faltima tecnolog\u00eda de ahorro de energ\u00eda de Sharp. Un tiempo de calentamiento r\u00e1pido y un bajo consumo de energ\u00eda tienen como objetivo ahorrar dinero y apoyar sus objetivos medioambientales.<\/p>\n<p>*1 &#8211; Requiere MX-HD16 si MX-M2630 est\u00e1 configurado como el dispositivo principal.<\/p><\/div>\n<\/div>\n<p>[\/vc_column_text][\/vc_tta_section][vc_tta_section title=&#8221;ESPECIFICACIONES&#8221; tab_id=&#8221;1603890145136-2ec28b15-d5b0&#8243;][vc_column_text]<\/p>\n<ul class=\"list-keyfeatures\">\n<li class=\"list-group-item\">Impresora, Copiadora, Esc\u00e1ner, Fax y Archivo Documental<\/li>\n<li class=\"list-group-item\">Velocidad: 26 ppm en monocromo<\/li>\n<li class=\"list-group-item\">Capacidad de papel est\u00e1ndar 650 hojas y 6.300 hojas m\u00e1xima<\/li>\n<li class=\"list-group-item\">Panel t\u00e1ctil personalizable de 7&#8243;, intuitivo a la hora de navegar por las funciones de la MFP<\/li>\n<li class=\"list-group-item\">Gracias a la funci\u00f3n de liberaci\u00f3n de impresi\u00f3n, los usuarios pueden enviar y almacenar documentos a cualquier MFP de la red<\/li>\n<li class=\"list-group-item\">Opci\u00f3n de firma \u00fanica para el acceso a las funciones de La Nube<\/li>\n<li class=\"list-group-item\">R\u00e1pido precalentamiento que ayuda a reducir el consumo de energ\u00eda y mejora la productividad<\/li>\n<li class=\"list-group-item\">OCR opcional que permite convertir documentos escaneados en archivos MS Office (pptx, xlsx, docs) y PDFs con b\u00fasqueda<\/li>\n<li class=\"list-group-item\"><\/li>\n<\/ul>\n<p>[\/vc_column_text][\/vc_tta_section][\/vc_tta_accordion][\/vc_column][\/vc_row][vc_row full_width=&#8221;stretch_row&#8221; el_id=&#8221;rs-cta&#8221; el_class=&#8221;rs-cta&#8221; css=&#8221;.vc_custom_1511349801905{padding-top: 30px !important;padding-bottom: 35px !important;}&#8221;][vc_column width=&#8221;2\/3&#8243;][vc_custom_heading text=&#8221;\u00a1CONSULTANOS AHORA DESDE AC\u00c1!&#8221; font_container=&#8221;tag:h2|font_size:36px|text_align:left|color:%23ffffff&#8221; google_fonts=&#8221;font_family:Open%20Sans%3A300%2C300italic%2Cregular%2Citalic%2C600%2C600italic%2C700%2C700italic%2C800%2C800italic|font_style:400%20regular%3A400%3Anormal&#8221; css=&#8221;.vc_custom_1600523483011{margin-top: 0px !important;margin-bottom: 0px !important;padding-top: 0px !important;padding-bottom: 0px !important;}&#8221;][\/vc_column][vc_column width=&#8221;1\/3&#8243;][vc_btn title=&#8221;ENVIAR MENSAJE&#8221; style=&#8221;outline-custom&#8221; outline_custom_color=&#8221;#ffffff&#8221; outline_custom_hover_background=&#8221;#ffffff&#8221; outline_custom_hover_text=&#8221;#4caf50&#8243; shape=&#8221;square&#8221; align=&#8221;right&#8221; link=&#8221;url:%23||&#8221;][\/vc_column][\/vc_row]<\/p>\n","protected":false},"excerpt":{"rendered":"<p>[vc_row full_width=&#8221;stretch_row&#8221; el_id=&#8221;rs-faq&#8221; css=&#8221;.vc_custom_1505540764532{padding-top: 65px !important;padding-bottom: 65px !important;background-color: #f9f9f9 !important;}&#8221;][vc_column width=&#8221;1\/2&#8243; css=&#8221;.vc_custom_1603993923463{padding-right: 65px !important;}&#8221;][vc_gallery interval=&#8221;3&#8243; images=&#8221;4788,4789,4790,4791,4792,4793,4794,4795,4796,4797,4798,4799,4800,4801,4802,4803,4804,4805,4806&#8243; img_size=&#8221;full&#8221;][\/vc_column][vc_column width=&#8221;1\/2&#8243;][vc_tta_accordion style=&#8221;outline&#8221; c_icon=&#8221;&#8221;&#8230;<\/p>\n","protected":false},"author":1,"featured_media":0,"parent":0,"menu_order":0,"comment_status":"closed","ping_status":"closed","template":"","meta":{"inline_featured_image":false,"footnotes":""},"class_list":["post-4782","page","type-page","status-publish","hentry"],"_links":{"self":[{"href":"https:\/\/sharppress.com.ar\/index.php\/wp-json\/wp\/v2\/pages\/4782","targetHints":{"allow":["GET"]}}],"collection":[{"href":"https:\/\/sharppress.com.ar\/index.php\/wp-json\/wp\/v2\/pages"}],"about":[{"href":"https:\/\/sharppress.com.ar\/index.php\/wp-json\/wp\/v2\/types\/page"}],"author":[{"embeddable":true,"href":"https:\/\/sharppress.com.ar\/index.php\/wp-json\/wp\/v2\/users\/1"}],"replies":[{"embeddable":true,"href":"https:\/\/sharppress.com.ar\/index.php\/wp-json\/wp\/v2\/comments?post=4782"}],"version-history":[{"count":3,"href":"https:\/\/sharppress.com.ar\/index.php\/wp-json\/wp\/v2\/pages\/4782\/revisions"}],"predecessor-version":[{"id":4956,"href":"https:\/\/sharppress.com.ar\/index.php\/wp-json\/wp\/v2\/pages\/4782\/revisions\/4956"}],"wp:attachment":[{"href":"https:\/\/sharppress.com.ar\/index.php\/wp-json\/wp\/v2\/media?parent=4782"}],"curies":[{"name":"wp","href":"https:\/\/api.w.org\/{rel}","templated":true}]}}