{"id":4683,"date":"2020-11-24T10:51:06","date_gmt":"2020-11-24T13:51:06","guid":{"rendered":"http:\/\/sharppress.com.ar\/index.php\/sharp-mx-c6070n-copy\/"},"modified":"2021-04-17T23:40:51","modified_gmt":"2021-04-18T02:40:51","slug":"sharp-mx-m1205","status":"publish","type":"page","link":"https:\/\/sharppress.com.ar\/index.php\/sharp-mx-m1205\/","title":{"rendered":"Sharp MX-M1205"},"content":{"rendered":"<p>[vc_row full_width=&#8221;stretch_row&#8221; el_id=&#8221;rs-faq&#8221; css=&#8221;.vc_custom_1505540764532{padding-top: 65px !important;padding-bottom: 65px !important;background-color: #f9f9f9 !important;}&#8221;][vc_column width=&#8221;1\/2&#8243; css=&#8221;.vc_custom_1603993923463{padding-right: 65px !important;}&#8221;]\r\n        <div class=\"sec-title  vc_custom_1606225955399 \">         \r\n            <h4 style=\"color:#e60012\">SHARP<\/h4>             \r\n            <h3 style=\"color:\">IMPRESORA DE PRODUCCI\u00d3N MX-M1205<\/h3>        \r\n        <\/div>[vc_gallery interval=&#8221;3&#8243; images=&#8221;4687,4688,4689,4690,4691,4692,4693,4694,4695,4696,4697,4698,4699,4700,4701,4702,4703,4704&#8243; img_size=&#8221;full&#8221;][\/vc_column][vc_column width=&#8221;1\/2&#8243;][vc_tta_accordion style=&#8221;outline&#8221; c_icon=&#8221;&#8221; active_section=&#8221;1&#8243;][vc_tta_section title=&#8221;DESCRIPCI\u00d3N&#8221; tab_id=&#8221;1603720704029-0b94059c-419a&#8221;][vc_column_text]<\/p>\n<div class=\"col-50\">\n<p>El sistema de producci\u00f3n MX-M1205 ofrece la m\u00e1xima eficacia y productividad en todo el proceso , minimizando los costes operativos. Con prestaciones que apreciar\u00e1n tanto los operadores expertos como los que no lo son, el sistema MX-M1205, es la perfecta elecci\u00f3n para salas de impresi\u00f3n ocupadas y departamentos corporativos . Con el reconocido y galardonado servidor de impresi\u00f3n y con todos los ajustes ajustables a trav\u00e9s de control t\u00e1ctil , la MX-M1205 es la opci\u00f3n mas adecuada para las salas de impresi\u00f3n m\u00e1s avanzadas. Equipada con la avanzada tecnolog\u00eda de impresi\u00f3n de Sharp de serie y con todos los par\u00e1metros ajustables desde la pantalla de control interactiva todo esta bajo control para lo \u00faltimo en productidad de salas de impresi\u00f3n.<br \/>\nEquipada con la tecnolog\u00eda de producci\u00f3n de impresi\u00f3n de serie , la MX-M1205 puede integrar como opci\u00f3n los servidores de impresi\u00f3n Fiery\u00ae Digital Front End l\u00edderes en el mercado.<br \/>\nUn \u00fanico modo Fiery\u00ae gateway le da un c\u00f3modo acceso con solo una pulsaci\u00f3n al lider en el mercado EFI Command WorkStation, sin necesidad de sacrificar espacio con una estaci\u00f3n de trabajo adicional. Simplemente pulse la tecla dedicada a conmutar entre Command Worksation y el interfaz de usuario nativo de Sharp.En el moddo de Fiery\u00ae gateway , cualquier trabajo dirigido a Command WorkStation &#8211; y cualquier ajuste en la m\u00e1quina o tipo de papel, puede controlarse directamente desde el panel de control. Sin preocuparse, todo controlado de principio a fin.<br \/>\nDesarrollada para la impresi\u00f3n, el copiado y el escaneo de alto volumen, la MX-M1205 potencia la tecnolog\u00eda de control de impresi\u00f3n de Sharp para satisfacer las necesidades de las salas de impresi\u00f3n mas ocupadas. Los ajustes de impresi\u00f3n , la gesti\u00f3n de trabajos y una amplia gama de ajustes y parametros, hacen f\u00e1ciles los trabajos de m\u00e1s complejos, incluso sobre tipos de papel especiales. El gran panel de control de 15,4&#8243; se abre hacia afuera , se inclina y gira, reduciendo los errores y mejorando la eficacia y rendimiento del equipo. Adem\u00e1s el panel es personalizable , acceciendo de forma m\u00e1s r\u00e1pida a las prestaciones que se utilizan con mayor frecuencia, facilitando un control m\u00e1s r\u00e1pido y eficiente de los procesos de trabajo. Adem\u00e1s y como opci\u00f3n puede incorporar teclado y touchpad. Gracias a su mayor eficiencia y a unos costes operativos m\u00e1s bajos, sea de forma individual o de forma integrada en un entorno de trabajo mas amplio, la MX-M1205 siempre gana .<\/div>\n<p>[\/vc_column_text][\/vc_tta_section][vc_tta_section title=&#8221;ESPECIFICACIONES&#8221; tab_id=&#8221;1603890145136-2ec28b15-d5b0&#8243;][vc_column_text]<\/p>\n<ul class=\"list-keyfeatures\">\n<li class=\"list-group-item\">Sistema de Producci\u00f3n de Alto Volumen (ByN)<\/li>\n<li class=\"list-group-item\">120 p\u00e1ginas por minuto (ByN)<\/li>\n<li class=\"list-group-item\">Capacidad de papel : De serie 3.100 hojas , M\u00e1x 13.500 hojas<\/li>\n<li class=\"list-group-item\">Durabilidad y Potencia. Con el sistema de producci\u00f3n concebido para trabajar con Fiery que ofrece la m\u00e1xima productividad y eficiencia en todo el proceso, reduciendo al m\u00e1ximo los costes operativos<\/li>\n<li class=\"list-group-item\">Pantalla t\u00e1ctil ajustable de gran tama\u00f1o de 15.4\u201d con el reconocido servidor de impresi\u00f3n y el intuitivo control t\u00e1ctil de todos los ajustes<\/li>\n<li class=\"list-group-item\">Plena compatibilidad con EFI Fiery\u00ae workflow y con el \u00faltimo servidor de impresi\u00f3n Fiery\u00ae de forma opcional.<\/li>\n<li class=\"list-group-item\">Acceso directo a Fiery\u00ae Command WorkStation a trav\u00e9s de una pulsaci\u00f3n en la tecla Fiery\u00ae gateway<\/li>\n<li class=\"list-group-item\">Amplias opciones de finalizado y compatibilidad con SRA3 para la producci\u00f3n de documentos profesionales en el propio centro de trabajo<\/li>\n<li class=\"list-group-item\"><\/li>\n<\/ul>\n<p>[\/vc_column_text][\/vc_tta_section][\/vc_tta_accordion][\/vc_column][\/vc_row][vc_row full_width=&#8221;stretch_row&#8221; el_id=&#8221;rs-cta&#8221; el_class=&#8221;rs-cta&#8221; css=&#8221;.vc_custom_1511349801905{padding-top: 30px !important;padding-bottom: 35px !important;}&#8221;][vc_column width=&#8221;2\/3&#8243;][vc_custom_heading text=&#8221;\u00a1CONSULTANOS AHORA DESDE AC\u00c1!&#8221; font_container=&#8221;tag:h2|font_size:36px|text_align:left|color:%23ffffff&#8221; google_fonts=&#8221;font_family:Open%20Sans%3A300%2C300italic%2Cregular%2Citalic%2C600%2C600italic%2C700%2C700italic%2C800%2C800italic|font_style:400%20regular%3A400%3Anormal&#8221; css=&#8221;.vc_custom_1600523483011{margin-top: 0px !important;margin-bottom: 0px !important;padding-top: 0px !important;padding-bottom: 0px !important;}&#8221;][\/vc_column][vc_column width=&#8221;1\/3&#8243;][vc_btn title=&#8221;ENVIAR MENSAJE&#8221; style=&#8221;outline-custom&#8221; outline_custom_color=&#8221;#ffffff&#8221; outline_custom_hover_background=&#8221;#ffffff&#8221; outline_custom_hover_text=&#8221;#4caf50&#8243; shape=&#8221;square&#8221; align=&#8221;right&#8221; link=&#8221;url:%23||&#8221;][\/vc_column][\/vc_row]<\/p>\n","protected":false},"excerpt":{"rendered":"<p>[vc_row full_width=&#8221;stretch_row&#8221; el_id=&#8221;rs-faq&#8221; css=&#8221;.vc_custom_1505540764532{padding-top: 65px !important;padding-bottom: 65px !important;background-color: #f9f9f9 !important;}&#8221;][vc_column width=&#8221;1\/2&#8243; css=&#8221;.vc_custom_1603993923463{padding-right: 65px !important;}&#8221;][vc_gallery interval=&#8221;3&#8243; images=&#8221;4687,4688,4689,4690,4691,4692,4693,4694,4695,4696,4697,4698,4699,4700,4701,4702,4703,4704&#8243; img_size=&#8221;full&#8221;][\/vc_column][vc_column width=&#8221;1\/2&#8243;][vc_tta_accordion style=&#8221;outline&#8221; c_icon=&#8221;&#8221;&#8230;<\/p>\n","protected":false},"author":1,"featured_media":0,"parent":0,"menu_order":0,"comment_status":"closed","ping_status":"closed","template":"","meta":{"inline_featured_image":false,"footnotes":""},"class_list":["post-4683","page","type-page","status-publish","hentry"],"_links":{"self":[{"href":"https:\/\/sharppress.com.ar\/index.php\/wp-json\/wp\/v2\/pages\/4683","targetHints":{"allow":["GET"]}}],"collection":[{"href":"https:\/\/sharppress.com.ar\/index.php\/wp-json\/wp\/v2\/pages"}],"about":[{"href":"https:\/\/sharppress.com.ar\/index.php\/wp-json\/wp\/v2\/types\/page"}],"author":[{"embeddable":true,"href":"https:\/\/sharppress.com.ar\/index.php\/wp-json\/wp\/v2\/users\/1"}],"replies":[{"embeddable":true,"href":"https:\/\/sharppress.com.ar\/index.php\/wp-json\/wp\/v2\/comments?post=4683"}],"version-history":[{"count":5,"href":"https:\/\/sharppress.com.ar\/index.php\/wp-json\/wp\/v2\/pages\/4683\/revisions"}],"predecessor-version":[{"id":4963,"href":"https:\/\/sharppress.com.ar\/index.php\/wp-json\/wp\/v2\/pages\/4683\/revisions\/4963"}],"wp:attachment":[{"href":"https:\/\/sharppress.com.ar\/index.php\/wp-json\/wp\/v2\/media?parent=4683"}],"curies":[{"name":"wp","href":"https:\/\/api.w.org\/{rel}","templated":true}]}}