{"id":4633,"date":"2020-11-24T09:40:40","date_gmt":"2020-11-24T12:40:40","guid":{"rendered":"http:\/\/sharppress.com.ar\/index.php\/sharp-mx-c300a-copy\/"},"modified":"2021-04-17T23:34:55","modified_gmt":"2021-04-18T02:34:55","slug":"sharp-mx-c3050v","status":"publish","type":"page","link":"https:\/\/sharppress.com.ar\/index.php\/sharp-mx-c3050v\/","title":{"rendered":"Sharp MX-C3050V"},"content":{"rendered":"<p>[vc_row full_width=&#8221;stretch_row&#8221; el_id=&#8221;rs-faq&#8221; css=&#8221;.vc_custom_1505540764532{padding-top: 65px !important;padding-bottom: 65px !important;background-color: #f9f9f9 !important;}&#8221;][vc_column width=&#8221;1\/2&#8243; css=&#8221;.vc_custom_1603993923463{padding-right: 65px !important;}&#8221;]\r\n        <div class=\"sec-title  vc_custom_1606221696930 \">         \r\n            <h4 style=\"color:#e60012\">SHARP<\/h4>             \r\n            <h3 style=\"color:\">IMPRESORA MX-C3050V<\/h3>        \r\n        <\/div>[vc_gallery interval=&#8221;3&#8243; images=&#8221;4637,4635,4636,4638,4639,4640,4641,4642,4643,4644&#8243; img_size=&#8221;full&#8221;][\/vc_column][vc_column width=&#8221;1\/2&#8243;][vc_tta_accordion style=&#8221;outline&#8221; c_icon=&#8221;&#8221; active_section=&#8221;1&#8243;][vc_tta_section title=&#8221;DESCRIPCI\u00d3N&#8221; tab_id=&#8221;1603720704029-0b94059c-419a&#8221;][vc_column_text]El dispositivo de A3 color, MX-3050V, ofrece una gama de opciones y mejoras que le permite adaptarse a sus necesidades futuras. Optimizan la productividad y son ideales para cualquier grupo de trabajo ocupado que necesita un alto rendimiento, color de alta calidad y versatilidad.<\/p>\n<p>La funci\u00f3n Print Release permite a los usuarios enviar y almacenar documentos a una impresora multifunci\u00f3n principal, que act\u00faa como un servidor, permitiendo que los trabajos de impresi\u00f3n se liberen de forma segura en hasta cinco dispositivos de nuestra red. Las caracter\u00edsticas opcionales incluyen flujo de trabajo mejora la conectividad a La Nube gracias al inicio de sesi\u00f3n \u00fanico, la conectividad m\u00f3vil a trav\u00e9s de Wi-Fi y USB para impresi\u00f3n directa de archivos de MS Office.<\/p>\n<p>Un panel t\u00e1ctil LCD color inclinable de 10.1&#8243;, ofrece la posibilidad de arrastrar y soltar iconos que se utilizan con frecuencia para la sencilla personalizaci\u00f3n de la pantalla de inicio. Las operaciones diarias son simples e intuitivas; s\u00f3lo tiene que tocar para acceder al instante a cada servicio, funci\u00f3n y composici\u00f3n que incluye una funci\u00f3n de vista previa avanzada.<\/p>\n<p>Imprimir y copiar a una velocidad de hasta 30 ppm en color y en blanco y negro, alimentador RSPF con capacidad de 100 hojas y una velocidad de escaneo de hasta 80 ipm, ayudan a aumentar la eficiencia y la productividad; mientras que con una soluci\u00f3n de 600 x 600 dpi en impresi\u00f3n, nuestro control de proceso autom\u00e1tico y el nuevo revelador aseguran una alta calidad de imagen. Capacidad de papel m\u00e1xima de 6.300 hojas y soporte para una amplia gama de papel (hasta SRA3 y 300 grs). Pueden incorporar una variedad de opciones de acabado como el grapado, grapado manual y grapado sin grapa para una mayor versatilidad.<\/p>\n<p>Certificados por Energy Star, el MX-3050V utiliza la \u00faltima tecnolog\u00eda de ahorro de energ\u00eda de Sharp. Un r\u00e1pido tiempo de calentamiento, bajo consumo de energ\u00eda y bajo valor TEC todas tienen como objetivo ahorrar dinero y apoyar a sus objetivos medioambientales. Adem\u00e1s, la funci\u00f3n de expulsi\u00f3n autom\u00e1tica de t\u00f3ner nos asegura que todo el t\u00f3ner se ha consumido, con el consiguiente ahorro de recursos[\/vc_column_text][\/vc_tta_section][vc_tta_section title=&#8221;ESPECIFICACIONES&#8221; tab_id=&#8221;1603890145136-2ec28b15-d5b0&#8243;][vc_column_text]<\/p>\n<ul class=\"list-keyfeatures\">\n<li class=\"list-group-item\">Impresora, Copiadora, Esc\u00e1ner, Fax y Archivo Documental<\/li>\n<li class=\"list-group-item\">Velocidad de 30 cpm en color y monocromo<\/li>\n<li class=\"list-group-item\">Capacidad de papel de 650 est\u00e1ndar y de m\u00e1xima 6.300<\/li>\n<li class=\"list-group-item\">Panel t\u00e1ctil LCD color de 10.1&#8243; personalizable con interfaz de usuario sencillo que permite una f\u00e1cil navegaci\u00f3n por las funciones de la MFP<\/li>\n<li class=\"list-group-item\">La funci\u00f3n Print Release permite enviar y almacenar documentos a una m\u00e1quina de la red y recuperarlo en alguna de nuestras m\u00e1quinas de la red local<\/li>\n<li class=\"list-group-item\">La opci\u00f3n de autentificaci\u00f3n \u00fanica permite un acceso r\u00e1pido y sencillo a las aplicaciones de La Nube<\/li>\n<li class=\"list-group-item\">El bajo tiempo de calentamiento permite reducir el consumo de energ\u00eda y aumentar la productividad<\/li>\n<li class=\"list-group-item\">Equipada con la \u00faltima tecnolog\u00eda en seguridad del documento<\/li>\n<\/ul>\n<p>[\/vc_column_text][\/vc_tta_section][\/vc_tta_accordion][\/vc_column][\/vc_row][vc_row full_width=&#8221;stretch_row&#8221; el_id=&#8221;rs-cta&#8221; el_class=&#8221;rs-cta&#8221; css=&#8221;.vc_custom_1511349801905{padding-top: 30px !important;padding-bottom: 35px !important;}&#8221;][vc_column width=&#8221;2\/3&#8243;][vc_custom_heading text=&#8221;\u00a1CONSULTANOS AHORA DESDE AC\u00c1!&#8221; font_container=&#8221;tag:h2|font_size:36px|text_align:left|color:%23ffffff&#8221; google_fonts=&#8221;font_family:Open%20Sans%3A300%2C300italic%2Cregular%2Citalic%2C600%2C600italic%2C700%2C700italic%2C800%2C800italic|font_style:400%20regular%3A400%3Anormal&#8221; css=&#8221;.vc_custom_1600523483011{margin-top: 0px !important;margin-bottom: 0px !important;padding-top: 0px !important;padding-bottom: 0px !important;}&#8221;][\/vc_column][vc_column width=&#8221;1\/3&#8243;][vc_btn title=&#8221;ENVIAR MENSAJE&#8221; style=&#8221;outline-custom&#8221; outline_custom_color=&#8221;#ffffff&#8221; outline_custom_hover_background=&#8221;#ffffff&#8221; outline_custom_hover_text=&#8221;#4caf50&#8243; shape=&#8221;square&#8221; align=&#8221;right&#8221; link=&#8221;url:%23||&#8221;][\/vc_column][\/vc_row]<\/p>\n","protected":false},"excerpt":{"rendered":"<p>[vc_row full_width=&#8221;stretch_row&#8221; el_id=&#8221;rs-faq&#8221; css=&#8221;.vc_custom_1505540764532{padding-top: 65px !important;padding-bottom: 65px !important;background-color: #f9f9f9 !important;}&#8221;][vc_column width=&#8221;1\/2&#8243; css=&#8221;.vc_custom_1603993923463{padding-right: 65px !important;}&#8221;][vc_gallery interval=&#8221;3&#8243; images=&#8221;4637,4635,4636,4638,4639,4640,4641,4642,4643,4644&#8243; img_size=&#8221;full&#8221;][\/vc_column][vc_column width=&#8221;1\/2&#8243;][vc_tta_accordion style=&#8221;outline&#8221; c_icon=&#8221;&#8221;&#8230;<\/p>\n","protected":false},"author":1,"featured_media":0,"parent":0,"menu_order":0,"comment_status":"closed","ping_status":"closed","template":"","meta":{"inline_featured_image":false,"footnotes":""},"class_list":["post-4633","page","type-page","status-publish","hentry"],"_links":{"self":[{"href":"https:\/\/sharppress.com.ar\/index.php\/wp-json\/wp\/v2\/pages\/4633","targetHints":{"allow":["GET"]}}],"collection":[{"href":"https:\/\/sharppress.com.ar\/index.php\/wp-json\/wp\/v2\/pages"}],"about":[{"href":"https:\/\/sharppress.com.ar\/index.php\/wp-json\/wp\/v2\/types\/page"}],"author":[{"embeddable":true,"href":"https:\/\/sharppress.com.ar\/index.php\/wp-json\/wp\/v2\/users\/1"}],"replies":[{"embeddable":true,"href":"https:\/\/sharppress.com.ar\/index.php\/wp-json\/wp\/v2\/comments?post=4633"}],"version-history":[{"count":3,"href":"https:\/\/sharppress.com.ar\/index.php\/wp-json\/wp\/v2\/pages\/4633\/revisions"}],"predecessor-version":[{"id":4950,"href":"https:\/\/sharppress.com.ar\/index.php\/wp-json\/wp\/v2\/pages\/4633\/revisions\/4950"}],"wp:attachment":[{"href":"https:\/\/sharppress.com.ar\/index.php\/wp-json\/wp\/v2\/media?parent=4633"}],"curies":[{"name":"wp","href":"https:\/\/api.w.org\/{rel}","templated":true}]}}